{"id":4614,"date":"2025-03-10T18:14:09","date_gmt":"2025-03-10T18:14:09","guid":{"rendered":"https:\/\/popkoor-inctrl.nl\/?page_id=4614"},"modified":"2025-03-11T09:29:39","modified_gmt":"2025-03-11T09:29:39","slug":"het-koor","status":"publish","type":"page","link":"https:\/\/popkoor-inctrl.nl\/index.php\/het-koor\/","title":{"rendered":"Het koor"},"content":{"rendered":"\t\t<div data-elementor-type=\"wp-page\" data-elementor-id=\"4614\" class=\"elementor elementor-4614\" data-elementor-post-type=\"page\">\n\t\t\t\t\t\t<section class=\"elementor-section elementor-top-section elementor-element elementor-element-1ad41e7 elementor-section-full_width elementor-section-height-default elementor-section-height-default\" data-id=\"1ad41e7\" data-element_type=\"section\" data-e-type=\"section\">\n\t\t\t\t\t\t<div class=\"elementor-container elementor-column-gap-default\">\n\t\t\t\t\t<div class=\"elementor-column elementor-col-100 elementor-top-column elementor-element elementor-element-60db756\" data-id=\"60db756\" data-element_type=\"column\" data-e-type=\"column\">\n\t\t\t<div class=\"elementor-widget-wrap elementor-element-populated\">\n\t\t\t\t\t\t<div class=\"elementor-element elementor-element-2becf20 elementor-widget elementor-widget-shortcode\" data-id=\"2becf20\" data-element_type=\"widget\" data-e-type=\"widget\" data-widget_type=\"shortcode.default\">\n\t\t\t\t<div class=\"elementor-widget-container\">\n\t\t\t\t\t\t\t<div class=\"elementor-shortcode\">\t\t<div data-elementor-type=\"section\" data-elementor-id=\"2158\" class=\"elementor elementor-2158\" data-elementor-post-type=\"elementor_library\">\n\t\t\t\t\t<section class=\"elementor-section elementor-top-section elementor-element elementor-element-3bc10e1f elementor-section-full_width elementor-section-height-default elementor-section-height-default\" data-id=\"3bc10e1f\" data-element_type=\"section\" data-e-type=\"section\" data-settings=\"{&quot;background_background&quot;:&quot;classic&quot;}\">\n\t\t\t\t\t\t<div class=\"elementor-container elementor-column-gap-no\">\n\t\t\t\t\t<div class=\"elementor-column elementor-col-50 elementor-top-column elementor-element elementor-element-30f82fdf\" data-id=\"30f82fdf\" data-element_type=\"column\" data-e-type=\"column\">\n\t\t\t<div class=\"elementor-widget-wrap elementor-element-populated\">\n\t\t\t\t\t\t<div class=\"elementor-element elementor-element-81ad30d elementor-widget-mobile__width-initial elementor-widget elementor-widget-image\" data-id=\"81ad30d\" data-element_type=\"widget\" data-e-type=\"widget\" data-widget_type=\"image.default\">\n\t\t\t\t<div class=\"elementor-widget-container\">\n\t\t\t\t\t\t\t\t\t\t\t\t\t\t\t\t<a href=\"https:\/\/popkoor-inctrl.nl\/\">\n\t\t\t\t\t\t\t<img fetchpriority=\"high\" decoding=\"async\" width=\"520\" height=\"520\" src=\"https:\/\/popkoor-inctrl.nl\/wp-content\/uploads\/2022\/11\/77172088_995038024177975_4068030509798653952_n-e1739886662610.png\" class=\"attachment-large size-large wp-image-204\" alt=\"\" srcset=\"https:\/\/popkoor-inctrl.nl\/wp-content\/uploads\/2022\/11\/77172088_995038024177975_4068030509798653952_n-e1739886662610.png 520w, https:\/\/popkoor-inctrl.nl\/wp-content\/uploads\/2022\/11\/elementor\/thumbs\/77172088_995038024177975_4068030509798653952_n-e1739886662610-r1ouvhfvcugqjnd377bksoltbrih229fyruc8bfp8o.png 500w, https:\/\/popkoor-inctrl.nl\/wp-content\/uploads\/2022\/11\/elementor\/thumbs\/77172088_995038024177975_4068030509798653952_n-e1739886662610-r1ouvhfsx4vvbn1mddl8kix39337qju076nzxih96g.png 300w, https:\/\/popkoor-inctrl.nl\/wp-content\/uploads\/2022\/11\/elementor\/thumbs\/77172088_995038024177975_4068030509798653952_n-e1739886662610-r1ouvhfrq5o5xzuk8ucahyup1ak7umolmtrqaxt6ck.png 202w, https:\/\/popkoor-inctrl.nl\/wp-content\/uploads\/2022\/11\/elementor\/thumbs\/77172088_995038024177975_4068030509798653952_n-e1739886662610-r1ouvhfsb7hnimyr5x5nihhwqezeeo859adeut8n5w.png 250w, https:\/\/popkoor-inctrl.nl\/wp-content\/uploads\/2022\/11\/elementor\/thumbs\/77172088_995038024177975_4068030509798653952_n-e1739886662610-r1ouvhfrpa3fpmvvygq2gg2q7qvl2smabe2ts4015c.png 200w, https:\/\/popkoor-inctrl.nl\/wp-content\/uploads\/2022\/11\/elementor\/thumbs\/77172088_995038024177975_4068030509798653952_n-e1739886662610-r1ouvhftj2a34n4hku0tmkc9rr712ffv52yl07pv70.png 350w, https:\/\/popkoor-inctrl.nl\/wp-content\/uploads\/2022\/11\/elementor\/thumbs\/77172088_995038024177975_4068030509798653952_n-e1739886662610-r1ouvhfr3cp7wmt0r0aheenjp2rrqx0fdhs8perf4s.png 150w\" sizes=\"(max-width: 520px) 100vw, 520px\" \/>\t\t\t\t\t\t\t\t<\/a>\n\t\t\t\t\t\t\t\t\t\t\t\t\t\t\t<\/div>\n\t\t\t\t<\/div>\n\t\t\t\t\t<\/div>\n\t\t<\/div>\n\t\t\t\t<div class=\"elementor-column elementor-col-50 elementor-top-column elementor-element elementor-element-342119e4 elementor-hidden-tablet elementor-hidden-phone\" data-id=\"342119e4\" data-element_type=\"column\" data-e-type=\"column\">\n\t\t\t<div class=\"elementor-widget-wrap elementor-element-populated\">\n\t\t\t\t\t\t<div class=\"elementor-element elementor-element-a8975e5 elementor-widget elementor-widget-jkit_nav_menu\" data-id=\"a8975e5\" data-element_type=\"widget\" data-e-type=\"widget\" data-widget_type=\"jkit_nav_menu.default\">\n\t\t\t\t<div class=\"elementor-widget-container\">\n\t\t\t\t\t<div  class=\"jeg-elementor-kit jkit-nav-menu break-point-tablet submenu-click-title jeg_module___69f5758933062\"  data-item-indicator=\"\"><button aria-label=\"open-menu\" class=\"jkit-hamburger-menu\"><i aria-hidden=\"true\" class=\"fas fa-bars\"><\/i><\/button>\n        <div class=\"jkit-menu-wrapper\"><div class=\"jkit-menu-container\"><ul id=\"menu-hch-kop\" class=\"jkit-menu jkit-menu-direction-flex jkit-submenu-position-top\"><li id=\"menu-item-4313\" class=\"menu-item menu-item-type-post_type menu-item-object-page menu-item-home menu-item-4313\"><a href=\"https:\/\/popkoor-inctrl.nl\/\">Home<\/a><\/li>\n<li id=\"menu-item-3584\" class=\"menu-item menu-item-type-post_type menu-item-object-page menu-item-3584\"><a href=\"https:\/\/popkoor-inctrl.nl\/index.php\/algemene-informatie\/\">Algemene informatie<\/a><\/li>\n<li id=\"menu-item-2948\" class=\"menu-item menu-item-type-post_type menu-item-object-page menu-item-has-children menu-item-2948\"><a href=\"https:\/\/popkoor-inctrl.nl\/index.php\/ons-koor-2\/\">Ons koor<\/a>\n<ul class=\"sub-menu\">\n\t<li id=\"menu-item-4997\" class=\"menu-item menu-item-type-post_type menu-item-object-page menu-item-4997\"><a href=\"https:\/\/popkoor-inctrl.nl\/index.php\/ons-koor-2\/\">Ons koor<\/a><\/li>\n\t<li id=\"menu-item-4995\" class=\"menu-item menu-item-type-post_type menu-item-object-page menu-item-4995\"><a href=\"https:\/\/popkoor-inctrl.nl\/index.php\/ons-repertoire\/\">Ons Repertoire<\/a><\/li>\n\t<li id=\"menu-item-4996\" class=\"menu-item menu-item-type-post_type menu-item-object-page menu-item-4996\"><a href=\"https:\/\/popkoor-inctrl.nl\/index.php\/onze-dirigent\/\">Onze dirigent<\/a><\/li>\n<\/ul>\n<\/li>\n<li id=\"menu-item-3965\" class=\"menu-item menu-item-type-post_type menu-item-object-page menu-item-3965\"><a href=\"https:\/\/popkoor-inctrl.nl\/index.php\/optreden\/\">Optreden<\/a><\/li>\n<li id=\"menu-item-2344\" class=\"menu-item menu-item-type-post_type menu-item-object-page menu-item-2344\"><a href=\"https:\/\/popkoor-inctrl.nl\/index.php\/contact\/\">Contact<\/a><\/li>\n<li id=\"menu-item-2325\" class=\"menu-item menu-item-type-post_type menu-item-object-page menu-item-2325\"><a href=\"https:\/\/popkoor-inctrl.nl\/index.php\/login-leden\/\">Login leden<\/a><\/li>\n<li id=\"menu-item-5003\" class=\"menu-item menu-item-type-custom menu-item-object-custom menu-item-5003\"><a href=\"https:\/\/popkoor-inctrl.nl\/index.php\/login-leden\/\">Log In<\/a><\/li>\n<\/ul><\/div>\n            <div class=\"jkit-nav-identity-panel\">\n                <div class=\"jkit-nav-site-title\"><a href=\"https:\/\/popkoor-inctrl.nl\" class=\"jkit-nav-logo\" aria-label=\"Home Link\"><\/a><\/div>\n                <button aria-label=\"close-menu\" class=\"jkit-close-menu\"><i aria-hidden=\"true\" class=\"fas fa-times\"><\/i><\/button>\n            <\/div>\n        <\/div>\n        <div class=\"jkit-overlay\"><\/div><\/div>\t\t\t\t<\/div>\n\t\t\t\t<\/div>\n\t\t\t\t<div class=\"elementor-element elementor-element-3f4cdaad elementor-icon-list--layout-inline elementor-align-end elementor-list-item-link-full_width elementor-widget elementor-widget-icon-list\" data-id=\"3f4cdaad\" data-element_type=\"widget\" data-e-type=\"widget\" data-widget_type=\"icon-list.default\">\n\t\t\t\t<div class=\"elementor-widget-container\">\n\t\t\t\t\t\t\t<ul class=\"elementor-icon-list-items elementor-inline-items\">\n\t\t\t\t\t\t\t<li class=\"elementor-icon-list-item elementor-inline-item\">\n\t\t\t\t\t\t\t\t\t\t\t<a href=\"https:\/\/www.facebook.com\/popkoorinctrl\/?locale=nl_NL\" target=\"_blank\">\n\n\t\t\t\t\t\t\t\t\t\t\t\t<span class=\"elementor-icon-list-icon\">\n\t\t\t\t\t\t\t<i aria-hidden=\"true\" class=\"fab fa-facebook\"><\/i>\t\t\t\t\t\t<\/span>\n\t\t\t\t\t\t\t\t\t\t<span class=\"elementor-icon-list-text\"><\/span>\n\t\t\t\t\t\t\t\t\t\t\t<\/a>\n\t\t\t\t\t\t\t\t\t<\/li>\n\t\t\t\t\t\t<\/ul>\n\t\t\t\t\t\t<\/div>\n\t\t\t\t<\/div>\n\t\t\t\t\t<\/div>\n\t\t<\/div>\n\t\t\t\t\t<\/div>\n\t\t<\/section>\n\t\t\t\t<\/div>\n\t\t<\/div>\n\t\t\t\t\t\t<\/div>\n\t\t\t\t<\/div>\n\t\t\t\t\t<\/div>\n\t\t<\/div>\n\t\t\t\t\t<\/div>\n\t\t<\/section>\n\t\t\t\t<section class=\"elementor-section elementor-top-section elementor-element elementor-element-55360e9 elementor-section-full_width elementor-section-height-default elementor-section-height-default\" data-id=\"55360e9\" data-element_type=\"section\" data-e-type=\"section\" data-settings=\"{&quot;background_background&quot;:&quot;classic&quot;}\">\n\t\t\t\t\t\t<div class=\"elementor-container elementor-column-gap-default\">\n\t\t\t\t\t<div class=\"elementor-column elementor-col-100 elementor-top-column elementor-element elementor-element-1f33317\" data-id=\"1f33317\" data-element_type=\"column\" data-e-type=\"column\">\n\t\t\t<div class=\"elementor-widget-wrap elementor-element-populated\">\n\t\t\t\t\t\t<div class=\"elementor-element elementor-element-bb2b644 elementor-widget elementor-widget-heading\" data-id=\"bb2b644\" data-element_type=\"widget\" data-e-type=\"widget\" data-widget_type=\"heading.default\">\n\t\t\t\t<div class=\"elementor-widget-container\">\n\t\t\t\t\t<h2 class=\"elementor-heading-title elementor-size-default\">Ons koor<\/h2>\t\t\t\t<\/div>\n\t\t\t\t<\/div>\n\t\t\t\t\t<\/div>\n\t\t<\/div>\n\t\t\t\t\t<\/div>\n\t\t<\/section>\n\t\t\t\t<section class=\"elementor-section elementor-top-section elementor-element elementor-element-b2a1ac1 elementor-section-boxed elementor-section-height-default elementor-section-height-default\" data-id=\"b2a1ac1\" data-element_type=\"section\" data-e-type=\"section\" data-settings=\"{&quot;background_background&quot;:&quot;classic&quot;}\">\n\t\t\t\t\t\t<div class=\"elementor-container elementor-column-gap-default\">\n\t\t\t\t\t<div class=\"elementor-column elementor-col-100 elementor-top-column elementor-element elementor-element-4b10c87\" data-id=\"4b10c87\" data-element_type=\"column\" data-e-type=\"column\" data-settings=\"{&quot;background_background&quot;:&quot;classic&quot;}\">\n\t\t\t<div class=\"elementor-widget-wrap elementor-element-populated\">\n\t\t\t\t\t\t<div class=\"elementor-element elementor-element-51b3b05 elementor-widget elementor-widget-spacer\" data-id=\"51b3b05\" data-element_type=\"widget\" data-e-type=\"widget\" data-widget_type=\"spacer.default\">\n\t\t\t\t<div class=\"elementor-widget-container\">\n\t\t\t\t\t\t\t<div class=\"elementor-spacer\">\n\t\t\t<div class=\"elementor-spacer-inner\"><\/div>\n\t\t<\/div>\n\t\t\t\t\t\t<\/div>\n\t\t\t\t<\/div>\n\t\t\t\t\t<\/div>\n\t\t<\/div>\n\t\t\t\t\t<\/div>\n\t\t<\/section>\n\t\t\t\t<section class=\"elementor-section elementor-top-section elementor-element elementor-element-250579a elementor-section-boxed elementor-section-height-default elementor-section-height-default\" data-id=\"250579a\" data-element_type=\"section\" data-e-type=\"section\" data-settings=\"{&quot;background_background&quot;:&quot;classic&quot;}\">\n\t\t\t\t\t\t<div class=\"elementor-container elementor-column-gap-default\">\n\t\t\t\t\t<div class=\"elementor-column elementor-col-50 elementor-top-column elementor-element elementor-element-83d72ea\" data-id=\"83d72ea\" data-element_type=\"column\" data-e-type=\"column\">\n\t\t\t<div class=\"elementor-widget-wrap elementor-element-populated\">\n\t\t\t\t\t\t<div class=\"elementor-element elementor-element-85a1335 elementor-widget elementor-widget-text-editor\" data-id=\"85a1335\" data-element_type=\"widget\" data-e-type=\"widget\" data-widget_type=\"text-editor.default\">\n\t\t\t\t<div class=\"elementor-widget-container\">\n\t\t\t\t\t\t\t\t\t<p>Ons koor bestaat uit een diverse groep mensen, vari\u00ebrend in leeftijd en achtergrond, maar met \u00e9\u00e9n gemeenschappelijk doel: samen prachtige muziek maken. Onder leiding van onze getalenteerde dirigent en met piano begeleiding, brengen we een breed scala aan popnummers ten gehore. Van klassiekers tot hedendaagse hits, we geven elk nummer onze unieke InCTRL-twist, waardoor het publiek keer op keer wordt verrast.<\/p>\t\t\t\t\t\t\t\t<\/div>\n\t\t\t\t<\/div>\n\t\t\t\t\t<\/div>\n\t\t<\/div>\n\t\t\t\t<div class=\"elementor-column elementor-col-50 elementor-top-column elementor-element elementor-element-1b7ce15\" data-id=\"1b7ce15\" data-element_type=\"column\" data-e-type=\"column\">\n\t\t\t<div class=\"elementor-widget-wrap elementor-element-populated\">\n\t\t\t\t\t\t<div class=\"elementor-element elementor-element-c769e40 elementor-widget elementor-widget-image\" data-id=\"c769e40\" data-element_type=\"widget\" data-e-type=\"widget\" data-widget_type=\"image.default\">\n\t\t\t\t<div class=\"elementor-widget-container\">\n\t\t\t\t\t\t\t\t\t\t\t\t\t\t\t<img decoding=\"async\" width=\"874\" height=\"508\" src=\"https:\/\/popkoor-inctrl.nl\/wp-content\/uploads\/2022\/11\/IMG_1475-e1713989512313.jpg\" class=\"attachment-large size-large wp-image-1506\" alt=\"\" srcset=\"https:\/\/popkoor-inctrl.nl\/wp-content\/uploads\/2022\/11\/IMG_1475-e1713989512313.jpg 874w, https:\/\/popkoor-inctrl.nl\/wp-content\/uploads\/2022\/11\/IMG_1475-e1713989512313-300x174.jpg 300w, https:\/\/popkoor-inctrl.nl\/wp-content\/uploads\/2022\/11\/IMG_1475-e1713989512313-768x446.jpg 768w\" sizes=\"(max-width: 874px) 100vw, 874px\" \/>\t\t\t\t\t\t\t\t\t\t\t\t\t\t\t<\/div>\n\t\t\t\t<\/div>\n\t\t\t\t\t<\/div>\n\t\t<\/div>\n\t\t\t\t\t<\/div>\n\t\t<\/section>\n\t\t\t\t<section class=\"elementor-section elementor-top-section elementor-element elementor-element-5499526 elementor-section-boxed elementor-section-height-default elementor-section-height-default\" data-id=\"5499526\" data-element_type=\"section\" data-e-type=\"section\" data-settings=\"{&quot;background_background&quot;:&quot;classic&quot;}\">\n\t\t\t\t\t\t<div class=\"elementor-container elementor-column-gap-default\">\n\t\t\t\t\t<div class=\"elementor-column elementor-col-100 elementor-top-column elementor-element elementor-element-344abf3\" data-id=\"344abf3\" data-element_type=\"column\" data-e-type=\"column\">\n\t\t\t<div class=\"elementor-widget-wrap elementor-element-populated\">\n\t\t\t\t\t\t<div class=\"elementor-element elementor-element-01f39d9 elementor-widget elementor-widget-spacer\" data-id=\"01f39d9\" data-element_type=\"widget\" data-e-type=\"widget\" data-widget_type=\"spacer.default\">\n\t\t\t\t<div class=\"elementor-widget-container\">\n\t\t\t\t\t\t\t<div class=\"elementor-spacer\">\n\t\t\t<div class=\"elementor-spacer-inner\"><\/div>\n\t\t<\/div>\n\t\t\t\t\t\t<\/div>\n\t\t\t\t<\/div>\n\t\t\t\t\t<\/div>\n\t\t<\/div>\n\t\t\t\t\t<\/div>\n\t\t<\/section>\n\t\t\t\t<section class=\"elementor-section elementor-top-section elementor-element elementor-element-38f2f5f elementor-section-boxed elementor-section-height-default elementor-section-height-default\" data-id=\"38f2f5f\" data-element_type=\"section\" data-e-type=\"section\">\n\t\t\t\t\t\t<div class=\"elementor-container elementor-column-gap-default\">\n\t\t\t\t\t<div class=\"elementor-column elementor-col-100 elementor-top-column elementor-element elementor-element-11ba742\" data-id=\"11ba742\" data-element_type=\"column\" data-e-type=\"column\">\n\t\t\t<div class=\"elementor-widget-wrap elementor-element-populated\">\n\t\t\t\t\t\t<div class=\"elementor-element elementor-element-022b98e elementor-widget elementor-widget-spacer\" data-id=\"022b98e\" data-element_type=\"widget\" data-e-type=\"widget\" data-widget_type=\"spacer.default\">\n\t\t\t\t<div class=\"elementor-widget-container\">\n\t\t\t\t\t\t\t<div class=\"elementor-spacer\">\n\t\t\t<div class=\"elementor-spacer-inner\"><\/div>\n\t\t<\/div>\n\t\t\t\t\t\t<\/div>\n\t\t\t\t<\/div>\n\t\t\t\t\t<\/div>\n\t\t<\/div>\n\t\t\t\t\t<\/div>\n\t\t<\/section>\n\t\t\t\t<section class=\"elementor-section elementor-top-section elementor-element elementor-element-622353d elementor-section-full_width elementor-section-height-default elementor-section-height-default\" data-id=\"622353d\" data-element_type=\"section\" data-e-type=\"section\">\n\t\t\t\t\t\t<div class=\"elementor-container elementor-column-gap-no\">\n\t\t\t\t\t<div class=\"elementor-column elementor-col-100 elementor-top-column elementor-element elementor-element-5974b83\" data-id=\"5974b83\" data-element_type=\"column\" data-e-type=\"column\">\n\t\t\t<div class=\"elementor-widget-wrap elementor-element-populated\">\n\t\t\t\t\t\t<div class=\"elementor-element elementor-element-47f744a elementor-widget__width-initial elementor-widget elementor-widget-shortcode\" data-id=\"47f744a\" data-element_type=\"widget\" data-e-type=\"widget\" data-widget_type=\"shortcode.default\">\n\t\t\t\t<div class=\"elementor-widget-container\">\n\t\t\t\t\t\t\t<div class=\"elementor-shortcode\">\t\t<div data-elementor-type=\"section\" data-elementor-id=\"2224\" class=\"elementor elementor-2224\" data-elementor-post-type=\"elementor_library\">\n\t\t\t\t\t<section class=\"elementor-section elementor-top-section elementor-element elementor-element-542f7d7 elementor-section-full_width elementor-section-content-top elementor-section-stretched elementor-section-height-default elementor-section-height-default\" data-id=\"542f7d7\" data-element_type=\"section\" data-e-type=\"section\" data-settings=\"{&quot;background_background&quot;:&quot;classic&quot;,&quot;stretch_section&quot;:&quot;section-stretched&quot;}\">\n\t\t\t\t\t\t<div class=\"elementor-container elementor-column-gap-no\">\n\t\t\t\t\t<div class=\"elementor-column elementor-col-50 elementor-top-column elementor-element elementor-element-f9d3886\" data-id=\"f9d3886\" data-element_type=\"column\" data-e-type=\"column\">\n\t\t\t<div class=\"elementor-widget-wrap elementor-element-populated\">\n\t\t\t\t\t\t<div class=\"elementor-element elementor-element-8453054 elementor-widget__width-initial elementor-widget elementor-widget-image\" data-id=\"8453054\" data-element_type=\"widget\" data-e-type=\"widget\" data-widget_type=\"image.default\">\n\t\t\t\t<div class=\"elementor-widget-container\">\n\t\t\t\t\t\t\t\t\t\t\t\t\t\t\t\t<a href=\"https:\/\/popkoor-inctrl.nl\/\">\n\t\t\t\t\t\t\t<img decoding=\"async\" src=\"https:\/\/popkoor-inctrl.nl\/wp-content\/uploads\/2022\/11\/cropped-77172088_995038024177975_4068030509798653952_n-e1739886662610.png\" title=\"\" alt=\"\" loading=\"lazy\" \/>\t\t\t\t\t\t\t\t<\/a>\n\t\t\t\t\t\t\t\t\t\t\t\t\t\t\t<\/div>\n\t\t\t\t<\/div>\n\t\t\t\t\t<\/div>\n\t\t<\/div>\n\t\t\t\t<div class=\"elementor-column elementor-col-50 elementor-top-column elementor-element elementor-element-fc0ac8a\" data-id=\"fc0ac8a\" data-element_type=\"column\" data-e-type=\"column\">\n\t\t\t<div class=\"elementor-widget-wrap elementor-element-populated\">\n\t\t\t\t\t\t<div class=\"elementor-element elementor-element-d20d727 elementor-widget elementor-widget-text-editor\" data-id=\"d20d727\" data-element_type=\"widget\" data-e-type=\"widget\" data-widget_type=\"text-editor.default\">\n\t\t\t\t<div class=\"elementor-widget-container\">\n\t\t\t\t\t\t\t\t\t<h6>\u00a92021 Hoed Computer Hulp &amp; Webdesign. All Right Reserved<\/h6>\t\t\t\t\t\t\t\t<\/div>\n\t\t\t\t<\/div>\n\t\t\t\t\t<\/div>\n\t\t<\/div>\n\t\t\t\t\t<\/div>\n\t\t<\/section>\n\t\t\t\t<\/div>\n\t\t<\/div>\n\t\t\t\t\t\t<\/div>\n\t\t\t\t<\/div>\n\t\t\t\t\t<\/div>\n\t\t<\/div>\n\t\t\t\t\t<\/div>\n\t\t<\/section>\n\t\t\t\t<\/div>\n\t\t","protected":false},"excerpt":{"rendered":"<p>Ons koor Ons koor bestaat uit een diverse groep mensen, vari\u00ebrend in leeftijd en achtergrond, maar met \u00e9\u00e9n gemeenschappelijk doel: samen prachtige muziek maken. Onder leiding van onze getalenteerde dirigent en met piano begeleiding, brengen we een breed scala aan popnummers ten gehore. Van klassiekers tot hedendaagse hits, we geven elk nummer onze unieke InCTRL-twist, [&hellip;]<\/p>\n","protected":false},"author":1,"featured_media":0,"parent":0,"menu_order":0,"comment_status":"closed","ping_status":"closed","template":"elementor_canvas","meta":{"footnotes":""},"class_list":["post-4614","page","type-page","status-publish","hentry"],"_links":{"self":[{"href":"https:\/\/popkoor-inctrl.nl\/index.php\/wp-json\/wp\/v2\/pages\/4614","targetHints":{"allow":["GET"]}}],"collection":[{"href":"https:\/\/popkoor-inctrl.nl\/index.php\/wp-json\/wp\/v2\/pages"}],"about":[{"href":"https:\/\/popkoor-inctrl.nl\/index.php\/wp-json\/wp\/v2\/types\/page"}],"author":[{"embeddable":true,"href":"https:\/\/popkoor-inctrl.nl\/index.php\/wp-json\/wp\/v2\/users\/1"}],"replies":[{"embeddable":true,"href":"https:\/\/popkoor-inctrl.nl\/index.php\/wp-json\/wp\/v2\/comments?post=4614"}],"version-history":[{"count":49,"href":"https:\/\/popkoor-inctrl.nl\/index.php\/wp-json\/wp\/v2\/pages\/4614\/revisions"}],"predecessor-version":[{"id":4792,"href":"https:\/\/popkoor-inctrl.nl\/index.php\/wp-json\/wp\/v2\/pages\/4614\/revisions\/4792"}],"wp:attachment":[{"href":"https:\/\/popkoor-inctrl.nl\/index.php\/wp-json\/wp\/v2\/media?parent=4614"}],"curies":[{"name":"wp","href":"https:\/\/api.w.org\/{rel}","templated":true}]}}